99 a composite number?
True
Is 1249 a prime number?
True
Is 316123 composite?
True
Is 26149 composite?
True
Is 9719 prime?
True
Is 354001 composite?
False
Is 21445 composite?
True
Is 13451 prime?
True
Is 45361 prime?
True
Is 205237 a composite number?
False
Is 10831 prime?
True
Is 38113 a prime number?
True
Is 36353 prime?
True
Is 49991 composite?
False
Is 37931 prime?
False
Is 54737 a composite number?
True
Is 48973 composite?
False
Is 1894189 a composite number?
True
Is 22171 composite?
False
Is 277433 prime?
False
Is 3407 prime?
True
Is 202549 a composite number?
False
Is 17291 composite?
False
Is 68261 composite?
False
Is 79867 prime?
True
Is 11519 a prime number?
True
Is 147759 composite?
True
Is 88289 prime?
True
Is 3623 composite?
False
Is 20621 a composite number?
True
Is 45481 a composite number?
False
Is 16865 a prime number?
False
Is 4534 a composite number?
True
Is 9229 composite?
True
Is 112345 a composite number?
True
Is 140327 a composite number?
True
Is 454351 prime?
True
Is 6521 a composite number?
False
Is 17083 prime?
False
Is 113743 a composite number?
True
Is 631777 a composite number?
True
Is 506773 a prime number?
True
Is 44437 prime?
False
Is 13645 prime?
False
Is 3088289 composite?
False
Is 13921 prime?
True
Is 107671 a prime number?
True
Is 34453 composite?
True
Is 8453 a composite number?
True
Is 31343 a composite number?
True
Is 442763 a prime number?
True
Is 17957 a composite number?
False
Is 192739 a prime number?
False
Is 144289 prime?
True
Is 68566 prime?
False
Is 47951 prime?
True
Is 29269 a prime number?
True
Is 645773 prime?
False
Is 113721 prime?
False
Is 65 composite?
True
Is 16127 a composite number?
False
Is 18551 a composite number?
True
Is 55529 a prime number?
True
Is 38593 composite?
False
Is 23227 composite?
False
Is 23269 prime?
True
Is 1361 a prime number?
True
Is 24571 prime?
True
Is 105295 a composite number?
True
Is 4201 a composite number?
False
Is 23957 a prime number?
True
Is 568751 composite?
False
Is 83773 composite?
False
Is 113621 a prime number?
True
Is 10037 a composite number?
False
Is 3163 a prime number?
True
Is 1418159 composite?
False
Is 8809 composite?
True
Is 20571 composite?
True
Is 98167 a prime number?
False
Is 351205 prime?
False
Is 1229261 composite?
True
Is 509 prime?
True
Is 130079 a prime number?
True
Is 357883 prime?
True
Is 907 a prime number?
True
Is 1363 composite?
True
Is 1009 prime?
True
Is 187319 prime?
False
Is 5853553 composite?
False
Is 10781 prime?
True
Is 1402693 prime?
True
Is 62273 a composite number?
False
Is 8887 prime?
True
Is 52333 prime?
False
Is 33203 prime?
True
Is 531391 prime?
False
Is 2533 a composite number?
True
Is 195427 prime?
True
Is 646145 a prime number?
False
Is 29603 a prime number?
False
Is 83 a composite number?
False
Is 130861 composite?
True
Is 29417 composite?
True
Is 2863 a composite number?
True
Is 95701 composite?
False
Is 31379 a composite number?
False
Is 78359 prime?
False
Is 267791 a composite number?
False
Is 5039 a prime number?
True
Is 1895 a composite number?
True
Is 19235 composite?
True
Is 158443 a prime number?
True
Is 52261 a prime number?
False
Is 133891 a composite number?
True
Is 8257 a composite number?
True
Is 2156711 prime?
True
Is 2647 composite?
False
Is 16973 a composite number?
True
Is 12515 a prime number?
False
Is 21259 composite?
True
Is 902087 a prime number?
True
Is 2132177 a prime number?
True
Is 568231 a prime number?
True
Is 202921 composite?
False
Is 7003 prime?
False
Is 25691 a composite number?
True
Is 59543 composite?
True
Is 3017 a prime number?
False
Is 631843 composite?
False
Is 6022 a prime number?
False
Is 504761 a prime number?
False
Is 967 composite?
False
Is 9091 composite?
False
Is 606259 prime?
False
Is 33739 a composite number?
False
Is 479819 a composite number?
True
Is 77893 composite?
False
Is 80221 composite?
False
Is 15727 prime?
True
Is 781 a prime number?
False
Is 58477 a prime number?
True
Is 10949 composite?
False
Is 1175071 a composite number?
False
Is 5921 composite?
True
Is 32647 a prime number?
True
Is 169789 composite?
False
Is 4101 a prime number?
False
Is 554233 a prime number?
True
Is 622777 a composite number?
False
Is 103647 composite?
True
Is 32995 a composite number?
True
Is 1721 a prime number?
True
Is 4183 a prime number?
False
Is 103387 a prime number?
True
Is 78467 a composite number?
False
Is 2292655 prime?
False
Is 701 a prime number?
True
Is 15731 prime?
True
Is 136169 prime?
False
Is 101267 composite?
False
Is 5077 composite?
False
Is 22611 prime?
False
Is 1122623 a composite number?
False
Is 31967 composite?
True
Is 8065 a prime number?
False
Is 269167 a composite number?
False
Is 119869 composite?
False
Is 30869 a composite number?
False
Is 89197 a prime number?
False
Is 6907 a prime number?
True
Is 73697 a prime number?
False
Is 41461 a composite number?
True
Is 90617 a composite number?
False
Is 65497 a composite number?
False
Is 217943 prime?
False
Is 22047 a prime number?
False
Is 2083105 composite?
True
Is 1903897 prime?
True
Is 18346 composite?
True
Is 6353 a prime number?
True
Is 101617 composite?
True
Is 9037133 a composite number?
True
Is 89293 a prime number?
True
Is 128957 a prime number?
False
Is 5257 a composite number?
True
Is 26669 prime?
True
Is 49577 a prime number?
False
Is 1430043 a prime number?
False
Is 588701 composite?
True
Is 189481 a prime number?
False
Is 491 composite?
False
Is 333331 a composite number?
False
Is 2256281 composite?
False
Is 5231 a prime number?
True
Is 45377 prime?
True
Is 97459 a prime number?
True
Is 623585 a prime number?
False
Is 17603 a prime number?
False
Is 4103 a composite number?
True
Is 37087 prime?
True
Is 1517 a composite number?
True
Is 262711 prime?
False
Is 130681 prime?
True
Is 449 composite?
False
Is 206441 a composite number?
True
Is 1657 prime?
True
Is 91651 composite?
True
Is 51131 prime?
True
Is 250877 a composite number?
True
Is 38474 a prime number?
False
Is 3137 a prime number?
True
Is 469 a composite number?
True
Is 2863 a prime number?
False
Is 9411 a composite number?
True
Is 163 a composite number?
False
Is 28307 prime?
True
Is 364289 a prime number?
True
Is 2672363 a composite number?
False
Is 3137 a composite number?
False
Is 11027 a composite number?
False
Is 543011 composite?
True
Is 2302 a prime number?
False
Is 820991 prime?
True
Is 133973 composite?
True
Is 499 a composite number?
False
Is 251089 composite?
True
Is 93581 composite?
False
Is 2563 a composite number?
True
Is 3433 composite?
False
Is 66023 prime?
False
Is 50989 a composite number?
False
Is 38351 composite?
False
Is 50311 prime?
True
Is 185417 a composite number?
True
Is 27479 a prime number?
True
Is 521405 composite?
True
Is 366031 a prime number?
True
Is 170095 composite?
True
Is 985 prime?
False
Is 2453 a composite number?
True
Is 27977 a composite number?
True
Is 1605439 composite?
True
Is 4201 a composite number?
False
Is 9017 composite?
True
Is 902801 prime?
False
Is 49331 a prime number?
True
Is 77117 prime?
False
Is 53693 composite?
False
Is 28093 composite?
True
Is 2909 composite?
False
Is 55987 a composite number?
False
Is 66449 a composite number?
False
Is 13291 composite?
False
Is 18617 a prime number?
True
Is 21085 composite?
True
Is 41435 a composite number?
True
Is 4322173 a prime number?
True
Is 1109 prime?
True
Is 4861 prime?
True
Is 272071 a prime number?
False
Is 4994845 prime?
False
Is 2257 a prime number?
False
Is 50041 a prime number?
False
Is 314107 a composite number?
False
Is 8189 a prime number?
False
Is 35221 composite?
False
Is 15023 a composite number?
True
Is 18929 a prime number?
False
Is 35279 composite?
False
Is 145991 a composite number?
False
Is 205019 a composite number?
False
Is 157291 prime?
True
Is 41333 prime?
True
Is 74147 composite?
True
Is 34393 composite?
True
Is 3455 a composite number?
True
Is 188593 composite?
True
Is 46649 prime?
True
Is 21833 prime?
False
Is 4187 composite?
True
Is 11143 composite?
True
Is 10765 a prime number?
False
Is 47543 prime?
True
Is 379 a prime number?
True
Is 344207 prime?
True
Is 1501 composite?
True
Is 6709 a composite number?
False
Is 1135451 prime?
True
Is 7493 a composite number?
True
Is 79181 a composite number?
False
Is 277759 a co